umber?
False
Let u = -114 + 181. Is u a composite number?
False
Suppose -4*o = -4*k - 0*o + 68, -2*k + 14 = 2*o. Suppose 5*j = 3*y - 26, 2*j - 6*j = 2*y + k. Is (91 - y)*(-1 - -2) composite?
False
Let a(i) = -i**2 + 9*i - 1. Let q be a(8). Suppose 2*n = -1 + q, 0 = d + 3*n - 13. Suppose -127 + 25 = -4*o - 2*w, 0 = 4*o + d*w - 112. Is o prime?
True
Let i(h) = -61*h + 1. Let p be i(-2). Let a = 24 + -70. Let r = a + p. Is r a prime number?
False
Let r(u) = -2*u**3 - 9*u**2 + 9*u + 3. Is r(-8) a composite number?
False
Let j be -6*((-14)/4 - -3). Suppose q = 3*m - 80, 0*m = 4*m + j*q - 98. Is m a prime number?
False
Suppose -5*g + 640 + 1305 = 0. Is g composite?
False
Let m(i) be the second derivative of -i**5/4 + i**4/12 - i**3/2 - i**2 - 2*i. Let j be m(-3). Let c = j + -62. Is c a composite number?
False
Let n be -1 + 1 + -3 + 2. Let k = 8 + n. Is k a composite number?
False
Let c(k) = -k**2 - 2*k + 1. Let v be c(-3). Let t(j) = 42*j - 1. Let a be t(v). Let f = 119 + a. Is f a composite number?
True
Suppose 5 = f - 273. Is f prime?
False
Suppose 0 = 3*r - 2*w - 9023, 2*r + 0*r + 3*w - 5998 = 0. Is r composite?
True
Suppose 4*k + 2*k = 14586. Let d = -1322 + k. Is d a prime number?
True
Is 3 + (-249)/(-2) + 10/(-20) a prime number?
True
Let u(x) = -7*x**2 + x - 5 - 4*x**2 - 7*x**3 + 3*x. Let i(k) = k**3 + k**2. Let w(d) = -6*i(d) - u(d). Is w(-5) a composite number?
True
Let p be (-20)/(-16) - (-3)/4. Suppose v = -3*v + 12, -p*v - 350 = -4*b. Is b a composite number?
False
Let p(y) be the third derivative of y**6/90 - y**5/40 + y**4/24 + y**3/6 - 2*y**2. Let u(j) be the first derivative of p(j). Is u(6) composite?
False
Suppose 0 = 4*a - a - 5973. Is a a prime number?
False
Let y be (0 + -2)/((-2)/5). Suppose 0 = -3*c - n + 13, -n = n - 8. Suppose l = -w + y, -c*l - 2*w + 24 = l. Is l a composite number?
False
Suppose 5*d = d - 5080. Let n be -2 - d/(0 - -2). Suppose -4*u = -7*u + n. Is u a prime number?
True
Let h be (1 - 0)*(-4 + 9). Suppose -h*o - 3*t + 1505 = -1226, -3*t = -o + 539. Is o a composite number?
True
Let a = 114 + -35. Is a a composite number?
False
Let g(i) = 507*i**3 + 2*i**2 - i. Let a be g(1). Suppose -5*c = -a - 6877. Is c a composite number?
True
Let d = -42 - -72. Let w = d + -19. Is w composite?
False
Suppose -n - 3*n - 7 = -5*k, k - 5 = -n. Suppose 3*b - 4*p - n = 27, 0 = -4*b - 5*p + 18. Suppose -b = -0*d - d. Is d a composite number?
False
Let b(l) = -2 + 6 + 26*l - 3. Is b(5) prime?
True
Suppose -370 = q - 6*q. Suppose -5*b + q + 81 = 0. Is b a composite number?
False
Let c(n) = n - 4. Let r be 6/(-15) - 6/(-15). Let x be c(r). Is (0 - x) + -2 + 19 a prime number?
False
Suppose 0*q = -5*q - 2*f - 143, 4*q + 3*f = -120. Let h be 0 + 1/(-1) + 0. Is -28*(q/12 + h) a prime number?
False
Suppose 3*r + 283 = 4*r - 4*t, -4*t + 1192 = 4*r. Is r prime?
False
Suppose -3302 = -3*a + a - 4*b, -12 = 4*b. Is a a prime number?
True
Let b = -385 + 1110. Suppose -4*g = g - b. Is g a composite number?
True
Let z be (-9)/(-6)*8/6. Suppose 0 = -5*d + z*j - 71, 5*d = -5*j + 2*j - 81. Is 226/10 - 6/d prime?
True
Let x be (1 + 2)/((-1)/4). Let g = x + -31. Let k = g - -66. Is k a composite number?
False
Suppose 4*b + x + 284 - 1627 = 0, 4*b + 2*x = 1346. Suppose 4*s - b = -s. Is s a prime number?
True
Let v(h) = 595*h**2 + 1. Let j be v(1). Let t = j - 333. Is t composite?
False
Suppose 3*s = -7 + 16. Suppose 282 = s*n - n. Is n a prime number?
False
Let a = -163 + 285. Suppose 2*q = q - 39. Let f = a + q. Is f a prime number?
True
Let p(d) = -4*d**3 + 0*d + 0*d + 3*d - 2*d. Let o be p(-1). Is (-2)/o + 426/18 a composite number?
False
Let w(d) = -5 - 2 + 2 - 2*d + 3. Let c be w(2). Let v(l) = l + 12. Is v(c) composite?
True
Let i(x) be the second derivative of -x**5/20 + x**4/2 + x**3/3 - 5*x**2/2 + 2*x. Is i(6) prime?
True
Let s = 6 - 4. Let l(t) = 6*t + t**s + t + 1 + 1. Is l(-7) a composite number?
False
Suppose -2*k + 169 = b, 3*b - 2*b = -1. Is k prime?
False
Is (2 - 4 - -2) + 83 a prime number?
True
Let p(b) be the second derivative of -11*b**3/2 - 2*b**2 + 3*b. Is p(-5) a composite number?
True
Let w(f) = 43*f**2 - 4*f - 17. Is w(-6) composite?
True
Let n(v) = v**2 - 7*v - 1. Let m(o) be the first derivative of -o**2/2 - 14*o + 1. Let p be m(-9). Is n(p) a prime number?
True
Let c(d) = -2*d**3 + 3*d - 5. Is c(-4) composite?
True
Suppose 0 = -6*t + 2*t + 4. Is ((-873)/(-18))/(t/10) prime?
False
Suppose -f + 92 = p, 0 = 2*p - 4*f - 81 - 133. Is p a prime number?
True
Suppose 4*l - 9 = -25. Let u be 20/8 - (-2)/l. Let o = 23 - u. Is o prime?
False
Let v = 4 + 1. Suppose 0 = i - 5*o - 135, -v*i + 309 = 4*o - 250. Is i composite?
True
Suppose -31 = -j - 5*b, -3*j + 2*b + 49 = 6*b. Let p = j - -14. Is p a composite number?
True
Let o = 135 - -196. Is o prime?
True
Suppose 2*b + 2*b - 32 = 0. Suppose 0 = t - 16 - b. Suppose -247 = -a - t. Is a a composite number?
False
Let h(t) = -t + 26*t - 69 + 56. Is h(12) prime?
False
Suppose 0*s - 204 = -3*s. Let k be 4/20 - s/(-10). Let j = k + 14. Is j a prime number?
False
Is 3/7 + (-1650)/(-21) composite?
False
Let s be (-11 - (2 + -5)) + 2. Is s/(-24) - (-307)/4 a composite number?
True
Let a be (-855)/65 - (-2)/13. Let y = a - -59. Is y composite?
True
Suppose -50 = -b - 5*v, -5*v - 250 = -0*b - 5*b. Let m = 96 - b. Is m a composite number?
True
Let p = -54 + 34. Let n(x) = x**3 - 2*x**2 - 7*x - 1. Let d be n(5). Let u = p + d. Is u a prime number?
True
Suppose 0 = -3*s - 15, -11*d = -6*d - 4*s - 455. Is d composite?
True
Is 6*(-6)/(-54)*1074/4 prime?
True
Let r(j) = -j. Let m be r(-3). Is (-3 - 382/(-3))*m composite?
False
Suppose -l - 3*v = -886, -5*l + 5*v + 4376 = 2*v. Is l a composite number?
False
Suppose 3*i + 3*c = 7*c - 56, 8 = 4*c. Let l = i + 53. Is l a prime number?
True
Let k(w) = 8*w**3 - 4*w**2 + 4*w + 2. Let s(l) = -16*l**3 + 7*l**2 - 7*l - 4. Let t(f) = 7*k(f) + 4*s(f). Is t(-2) a prime number?
False
Let i = -10 - -13. Suppose i*l + l = 524. Is l prime?
True
Let q = -2 + 6. Let n be 2 + (1 - 2) + q. Suppose 0*s + 35 = n*s. Is s prime?
True
Let d be -1 - 1/((-1)/26). Suppose 3*v + y = -y - 4, -5*v + d = -3*y. Suppose 4*c + 3*q = v*q + 87, 0 = -3*c - 5*q + 78. Is c a prime number?
False
Suppose -3*o + 5*o + 2 = 0, -700 = -5*x + 5*o. Is x composite?
False
Suppose 15 = b - 3*g, -3*b - 4*g = -0*b - 58. Suppose -3*k + 3*h = h - 917, h = -3*k + 905. Suppose 5*r + b = k. Is r composite?
True
Suppose 0*b - 3*n + 21 = 3*b, -3*n = 2*b - 17. Is ((-358)/b)/(2/(-4)) composite?
False
Suppose -139 - 554 = -3*u. Suppose u - 956 = -5*k + 5*v, -3*k = 3*v - 459. Is k composite?
False
Suppose -5*t - 11*t + 53584 = 0. Is t a composite number?
True
Suppose -i + 6 = i + 3*a, 2*i + 2*a = 6. Let c be (-1 + i)/(4 - 2). Is 67*c/(3 - 2) a composite number?
False
Suppose 3*l - 2*l = 5. Suppose -2*r - r + 117 = -5*h, l*r - 3*h - 195 = 0. Is r prime?
False
Suppose 6*t - 2874 = -0*t. Is t prime?
True
Let n(h) = 0 + 14*h + h**2 - 2*h + 14. Let x be n(-11). Suppose 10 = -5*r, 182 = 2*d + 2*d + x*r. Is d a composite number?
False
Suppose -l + 13335 = 2*l. Is (l/(-15))/((-1)/3) prime?
False
Let k be ((-1)/(-2))/(2/(-20)). Is (8/k)/((-2)/5) composite?
True
Let l = 6 + -10. Is 152 - 6*l/8 composite?
True
Let s be (0 - 3)*(-1)/(-1). Let y(l) = 2*l**2 + 5*l + 3. Let p be y(s). Is (p/(-4))/((-2)/148) prime?
False
Let o be (20/(-15))/(2/57). Let c be -3 - 2*o/4. Suppose 2*a - c = 14. Is a prime?
False
Let x(u) = -u**2 + 8*u - 7. Let t be x(7). Let y be 1*t/(-1) - -3. Suppose -y*s + 121 = -17. Is s composite?
True
Suppose 0 = 3*n + s - 4517, -2*n - 4*s + 2998 = -0*s. Is n a composite number?
True
Let g = 5 + -5. Suppose g = -2*b + 143 - 33. Is b prime?
False
Suppose 0*u - 3*u = -2*x + 77, 3*x - u = 133. Let d = 2 - -1. Suppose d*p - x = p. Is p composite?
False
Suppose -2*j + 1 + 3 = 0. Suppose j*o + 35 = -3*o. Let x(q) = -q**3 - 6*q**2 + 2*q - 10. Is x(o) a prime number?
False
Suppose 2*b - 1481 = b. Is b a composite number?
False
Let q be (-7)/42 + 3734/12. Suppose 5*d - d - q = b, 3*d - 2*b = 227. Is d prime?
True
Let n(r) = r**2 + 7*r - 4. Let l be n(-7). Let p = 5 + l. Is (-1)/(2/(-50)*p) a composite number?
True
Let z(l) = l**2 + l + 2. Let w be z(0). Suppose w*o + 4*x + 20 = 6*o, -2*o = -3*x - 14. Is 1 + ((-15